ors of r?
2, 7
What are the prime factors of ((-1392)/15 + -2)*10/(-4)?
3, 79
Suppose -4*p + 5*d = -16, 4*p - 3*d = p + 12. Suppose 4*c - 4 = p. What are the prime factors of (-1 + -1)/(c/(-9))?
3
Suppose d - y + 3*y - 72 = 0, 5*y = 0. List the prime factors of d.
2, 3
What are the prime factors of 11/(-22) - ((-766)/4)/1?
191
Suppose 0 = -x - 0*x + 3. Let l = 12 + -12. Suppose l = 5*g + x*c - 15 - 22, 3*c = 12. What are the prime factors of g?
5
Let t be 6 - -3*1/(-3). Suppose 70 = -t*l + 205. List the prime factors of l.
3
Suppose -3*k + f + 87 = -0*f, 5*k - 128 = -4*f. Suppose 2*d - 4*d + k = 0. List the prime factors of d.
2, 7
Let t be 4*1*(1 - 2). Let d = 8 - t. What are the prime factors of d?
2, 3
Suppose 2*u + 0 - 2 = 0. Suppose 0 = -2*b + 4*j + 1 + 9, -u = j. Suppose -2*p + b + 1 = 0. List the prime factors of p.
2
Suppose 2*u = -2*t + 4, 5 - 11 = -3*u - 2*t. Let n(w) = 13*w + 3. What are the prime factors of n(u)?
29
Let z(q) = 4 + 4*q**2 - 2*q**3 + 3*q**3 - 5*q + 2. List the prime factors of z(-5).
2, 3
Let n(u) = 3*u**3 - 8*u**2 - 15*u + 19. List the prime factors of n(6).
17
Let z = 35 + -13. List the prime factors of z.
2, 11
Suppose -3*d - a + 324 = 0, 3*d + d - 2*a = 432. What are the prime factors of d?
2, 3
Suppose 0 = 5*n - 10, -y - 2*n + 19 = 4*y. Suppose 3*k + 4 = 2*a, -2*a - 2*k + 29 = y*a. Suppose a*j - 20 = 3*j. List the prime factors of j.
2, 5
Suppose 92 = 3*u - w, -5*u + 2*w + 97 = -2*u. Suppose -19 - u = 4*i. What are the prime factors of 12 - (i/(-3))/2?
2, 5
Let h(x) = 0 - 4*x + 3*x - 2 + 1. Let k = 17 - 27. List the prime factors of h(k).
3
Let a(m) = 2 - 3 + 42*m**2 - 14*m**2. List the prime factors of a(1).
3
Let q = 62 - 36. What are the prime factors of q?
2, 13
Let z = 231 - -59. What are the prime factors of z?
2, 5, 29
Let u(c) be the first derivative of -5*c**2/2 - 3*c + 2. What are the prime factors of u(-2)?
7
Suppose -4*j = -5*o - 23, -2*j + 3*o = -11 - 2. What are the prime factors of ((-6)/6)/(j/(-22))?
11
What are the prime factors of (14/(-4) - -4) + (-147)/(-2)?
2, 37
Let r(j) = 7*j - 26. What are the prime factors of r(12)?
2, 29
Let b(z) = z**3 + 12*z**2 + 8*z - 13. What are the prime factors of b(-11)?
2, 5
Let w(y) = 6*y**2 + y + 1. Let r be 9 - 2/(-6)*0. Let q(a) = -a**3 + 8*a**2 + 10*a - 10. Let f be q(r). List the prime factors of w(f).
2, 3
Suppose k + 3*j - 92 = 0, -k + 72 = -0*j - 2*j. List the prime factors of k.
2, 5
What are the prime factors of -58*(12/8 + -2)?
29
Suppose -3*m + 2*d - 5 = 0, -2*m + 0 = -2*d + 6. Suppose 0 = 3*l - 0*l + 12. List the prime factors of l/(-1) - -2 - m.
5
Suppose -5*i + 152 = 4*o, 28 = -0*i + i + 2*o. List the prime factors of i.
2
List the prime factors of 3*((-77)/3)/(-1).
7, 11
Suppose 0 = -7*z + 2*z - 5*o + 15, -2*z + 9 = -o. Suppose -z*y + 3*x = 14 - 123, x = -3. List the prime factors of y.
5
Let a(r) = r**2 - 10*r - 10. What are the prime factors of a(13)?
29
Let j be (3/(-9) + -1)*18. Let u = 0 - j. Suppose 0 = 5*c + 2*q - u - 15, -c + q = -5. List the prime factors of c.
7
Suppose 0*m - 3*m = n - 40, 114 = 3*n + 3*m. Suppose 23 = 4*y - n. List the prime factors of y.
3, 5
Let d(b) = -2*b + 1. Let z(a) = a**2 - 7*a + 2. Let f be z(6). List the prime factors of d(f).
3
Let h(w) be the second derivative of w**3/6 + 4*w**2 - 4*w. Let r be h(-6). Suppose -r*c + 30 = 3*c. List the prime factors of c.
2, 3
Let j be -12 + (-1)/(3/(-6)). Let a be j/45 - (-29)/9. Suppose -a*s - 8 = -4*s. List the prime factors of s.
2
Suppose -4*v = -4*u - 132, -3*u - 2 = 5*v - 159. What are the prime factors of v?
2
Let s be -2 - 1 - (-35)/5. Let c = s + 11. List the prime factors of c.
3, 5
Suppose 360 - 64 = 8*c. What are the prime factors of c?
37
List the prime factors of (-2428)/(-8) - (-1)/2.
2, 19
Let a(p) = 5*p**3 - 2*p**2 + p + 2. Let o be a(2). Let m(z) = z**2 - 7*z + 11. Let x be m(8). Let n = o - x. List the prime factors of n.
17
What are the prime factors of 660/16 - 9/(-12)?
2, 3, 7
Suppose -2*q + 15 = 3. Let l = q + 4. What are the prime factors of l?
2, 5
Let w be (-2 + 10)*(-2)/(-4). Suppose -2*h = -w*x - 28, -x + 84 = 5*h + 3*x. List the prime factors of h.
2
Suppose -3*f - 13 = 5. What are the prime factors of (10 + 1)/((-3)/f)?
2, 11
Let w be (36/(-15))/(4/(-30)). Suppose -3*b - w = 4*g, 0*g + g = b - 1. Let i = g + 17. What are the prime factors of i?
2, 7
Let l(y) = -36*y - 3. List the prime factors of l(-2).
3, 23
Let c be (-2 - (1 - 3)) + -16. Let x = c + 37. List the prime factors of x.
3, 7
Let d = 14 - 7. What are the prime factors of ((-6)/7)/(d/(-49))?
2, 3
Suppose 5*f - f = t + 1311, 1305 = 4*f + t. What are the prime factors of f?
3, 109
Let s(j) = 5*j + 33. Let p be s(-6). Suppose y = 2*n - 10, -3*n = -4*y - 14 + 4. Suppose -p*u = -2*u - n. What are the prime factors of u?
2, 3
Let z(v) be the second derivative of v**5/20 + v**4/4 - 5*v**3/6 - v**2/2 - 6*v. List the prime factors of z(-4).
3
Let c be 116/24 - 2/(-12). Suppose 3*p + c*w - 48 = 0, 0 = -p - 3*w + 9 + 3. List the prime factors of p.
3, 7
Let w = 38 - -35. What are the prime factors of w?
73
What are the prime factors of 6/(-36) - 145/(-6)?
2, 3
Let t be ((-6)/(-5))/(9/210). Suppose -3*z - z + t = 0. Suppose -2*k - z = -1, 2*k = -5*g + 44. What are the prime factors of g?
2, 5
Suppose 0 = -2*d - 5*z + 13, 2*d + 6*z - 4*z = -2. List the prime factors of (-302)/(-8) - d/(-8).
37
Let u = 11 + -7. Let l = 25 - 16. Let q = l + u. List the prime factors of q.
13
Suppose 3*c - 5*c - 162 = -5*w, -3*w - 4*c + 92 = 0. List the prime factors of w.
2
Suppose 5*d - 438 = -d. What are the prime factors of d?
73
Let h = -2 + 5. What are the prime factors of 4*-1*(0 - h)?
2, 3
Let y(p) = 4*p. Suppose -2*c + 12 = 2*c. Suppose c*o - 6 = o. List the prime factors of y(o).
2, 3
Suppose 0 = -2*g - 0*g + 6. Suppose 305 = 3*p - 4*c, g*c = 3 - 18. Suppose -p = -3*d - 2*d. What are the prime factors of d?
19
Let g = 94 + 317. What are the prime factors of g?
3, 137
Suppose -2*m = -5*v - 57, 5*m - v + 4*v - 220 = 0. List the prime factors of m.
41
Suppose -2*c - 2*c + 52 = -4*p, 4*c - 42 = 2*p. Suppose 3*f - c = -f. What are the prime factors of (-4)/(f/(-3) - 0)?
2, 3
Suppose -v = -3 - 1. List the prime factors of 2 - 4/(v/(-9)).
11
Let l(a) = -a. Let c be l(-3). Let g = c - -11. List the prime factors of g.
2, 7
Suppose 2*d + 2*d = -k + 245, 4*k = d + 929. What are the prime factors of k?
233
Suppose 7*r - 4 = 6*r. Suppose r*s - 41 = 67. What are the prime factors of s?
3
Let m = 155 - 9. What are the prime factors of m?
2, 73
What are the prime factors of 2448/90 - 2/10?
3
Suppose -4*n = -4*i + 48 - 4, -n = -3*i + 9. Let h = n - -16. List the prime factors of h.
2
Suppose h + 12 = 7*h. What are the prime factors of (h/(-4))/((-9)/360)?
2, 5
Suppose 0 - 15 = -3*g. List the prime factors of 1/g + 99/55.
2
Let t(h) = h + 9. Let r be t(-9). Suppose -2*q - 3*l + 33 = r, 2*l + 3*l + 45 = 5*q. List the prime factors of q.
2, 3
Let a be 1/(14/(-6) - -2). Let h = 6 + a. Suppose 0 = h*i - i - 12. List the prime factors of i.
2, 3
Let a be (0 - -2) + (-1 - -2). Suppose 2*l + c = -18, -3*l + a*c - 6 = 3. Let i(x) = -x**2 - 10*x - 10. What are the prime factors of i(l)?
11
List the prime factors of 41 + (-12)/4 + 4.
2, 3, 7
Suppose -3*x - 12 = 0, 5*x - 10 = 5*d - 40. Suppose -2 = -2*k + d. Suppose 0 = 5*o - 4*b - 41, -2*b = k*o - 7*b - 30. List the prime factors of o.
5
Let j(k) = -k + 13. Let i be j(7). Suppose 2*x = i*x - 3*s - 165, 5*s = 5. List the prime factors of x.
2, 3, 7
What are the prime factors of (1 - 1) + (49 - -16)?
5, 13
Suppose 2*m - 3*i = -0*m - 73, m + 4*i + 53 = 0. Let c = m + 57. Let o = -6 + c. List the prime factors of o.
2, 5
Suppose 2*u - 3*m = -u + 105, -2*u + 74 = -4*m. Suppose h + 3*s = -12 + u, -4*s - 68 = -4*h. What are the prime factors of h?
2, 3
Let v = -8 + 12. Suppose v*h - 2*h - 4 = 0. List the prime factors of h.
2
Let n(f) = -f**2 + 7*f. Suppose -5*u = -2*g - 29, -4*u + g = -0*g - 25. Let s be n(u). Suppose -3*h = -s*h - 12. What are the prime factors of h?
2
Let o(k) be the first derivative of -k**4/4 - 10*k**3/3 - 11*k**2/2 - 11*k - 4. List the prime factors of o(-9).
7
Let k(j) = 14*j**2 - 8*j + 2. What are the prime factors of k(3)?
2, 13
Suppose 4*z + 3*r = r + 48,